39745 composite?
True
Is 178027 composite?
True
Is 39433 composite?
True
Is 77849 composite?
False
Is 3347 prime?
True
Is 809357 a composite number?
False
Is 24578 a composite number?
True
Is 150063 composite?
True
Is 652439 a composite number?
True
Is 45041 composite?
True
Is 1442143 prime?
True
Is 808351 a prime number?
True
Is 583 prime?
False
Is 3115987 a composite number?
True
Is 20173 prime?
True
Is 1313 a prime number?
False
Is 10559 a composite number?
False
Is 1164481 composite?
True
Is 40879 a prime number?
True
Is 952319 prime?
False
Is 838789 composite?
True
Is 234431 a prime number?
True
Is 1207 a composite number?
True
Is 244639 composite?
False
Is 161643 composite?
True
Is 611 prime?
False
Is 1472631 a prime number?
False
Is 25199 a prime number?
False
Is 17231 a composite number?
False
Is 8147 a prime number?
True
Is 19163 a prime number?
True
Is 490109 composite?
True
Is 970649 prime?
False
Is 281117 prime?
True
Is 8161 composite?
False
Is 622823 composite?
True
Is 66459 composite?
True
Is 1075709 a composite number?
True
Is 195571 a prime number?
False
Is 93047 a prime number?
True
Is 85439 a composite number?
False
Is 273679 prime?
False
Is 1154017 a prime number?
True
Is 248177 composite?
False
Is 179981 composite?
False
Is 28321 prime?
False
Is 12637 a prime number?
True
Is 398911 a composite number?
True
Is 9029 a composite number?
False
Is 500059 prime?
False
Is 48669 a composite number?
True
Is 19661 composite?
False
Is 21961 a composite number?
False
Is 16207 prime?
False
Is 26387 prime?
True
Is 144379 a composite number?
False
Is 1027483 a prime number?
True
Is 588862 prime?
False
Is 12981 composite?
True
Is 19286 a composite number?
True
Is 5120029 prime?
True
Is 221509 a composite number?
False
Is 15811 prime?
False
Is 3593 prime?
True
Is 3761 a prime number?
True
Is 219014 prime?
False
Is 93421 a prime number?
False
Is 1471807 a composite number?
False
Is 50989 a prime number?
True
Is 2957 a composite number?
False
Is 466563 a prime number?
False
Is 68689 a prime number?
False
Is 1151 a prime number?
True
Is 27397 a composite number?
False
Is 6953 prime?
False
Is 1774159 a composite number?
False
Is 129205 a prime number?
False
Is 48947 prime?
True
Is 88701 a composite number?
True
Is 1875047 a composite number?
True
Is 192967 composite?
True
Is 508909 composite?
False
Is 2444197 a prime number?
False
Is 6121 a prime number?
True
Is 10529 a prime number?
True
Is 15 a prime number?
False
Is 698591 composite?
False
Is 8941 composite?
False
Is 31103 prime?
False
Is 1329263 prime?
False
Is 340766 a composite number?
True
Is 938921 composite?
False
Is 6499 a composite number?
True
Is 80747 composite?
False
Is 802661 composite?
False
Is 1993 composite?
False
Is 24989 a composite number?
False
Is 270563 a composite number?
False
Is 269603 prime?
False
Is 42505 prime?
False
Is 8803 prime?
True
Is 33671 a prime number?
False
Is 1993 prime?
True
Is 35491 prime?
True
Is 197763 composite?
True
Is 540231 composite?
True
Is 8209 a composite number?
False
Is 10559 a composite number?
False
Is 55694 prime?
False
Is 190699 prime?
True
Is 215443 composite?
False
Is 319097 prime?
True
Is 187607 a prime number?
False
Is 19385 prime?
False
Is 7529 a prime number?
True
Is 515563 a composite number?
False
Is 32497 a prime number?
True
Is 13589 a composite number?
True
Is 61531 prime?
False
Is 2329 composite?
True
Is 4579 a prime number?
False
Is 5273 prime?
True
Is 9871 composite?
False
Is 28901 composite?
False
Is 1669 a prime number?
True
Is 76569 composite?
True
Is 47693 a prime number?
False
Is 74233 prime?
False
Is 20671 a composite number?
True
Is 3867 prime?
False
Is 3427 a prime number?
False
Is 194131 a prime number?
False
Is 6197 a composite number?
False
Is 246971 a prime number?
True
Is 167939 a prime number?
False
Is 7033 composite?
True
Is 99217 prime?
False
Is 34409 a prime number?
False
Is 70937 a prime number?
True
Is 6469 prime?
True
Is 2797 prime?
True
Is 1188839 a composite number?
False
Is 26027 composite?
True
Is 1514255 composite?
True
Is 5351 a prime number?
True
Is 23249 composite?
True
Is 6211 a prime number?
True
Is 245377 prime?
False
Is 1222717 prime?
True
Is 679 a prime number?
False
Is 15146 prime?
False
Is 328805 composite?
True
Is 11981 a prime number?
True
Is 518579 composite?
False
Is 2021 a composite number?
True
Is 744455 a prime number?
False
Is 124159 a composite number?
True
Is 129439 composite?
False
Is 45053 a composite number?
False
Is 461171 a prime number?
True
Is 263467 prime?
False
Is 3791 a prime number?
False
Is 35463 composite?
True
Is 5779 composite?
False
Is 750511 composite?
True
Is 10577 a composite number?
True
Is 19777 composite?
False
Is 140813 composite?
False
Is 9661 a prime number?
True
Is 61703 prime?
True
Is 35071 a composite number?
True
Is 382589 a composite number?
False
Is 2023133 prime?
False
Is 6997 a prime number?
True
Is 203617 a prime number?
True
Is 53393 prime?
False
Is 317113 composite?
True
Is 3719 a composite number?
False
Is 147377 a composite number?
False
Is 303191 a prime number?
False
Is 72953 prime?
True
Is 33377 prime?
True
Is 50261 a prime number?
True
Is 485501 composite?
True
Is 693307 a prime number?
False
Is 27787 composite?
True
Is 219517 prime?
True
Is 210079 a composite number?
True
Is 741781 prime?
True
Is 5155 composite?
True
Is 2122063 prime?
True
Is 22177 composite?
True
Is 1759867 a prime number?
True
Is 3973 composite?
True
Is 28751 prime?
True
Is 136789 a prime number?
False
Is 62461 composite?
True
Is 12406 a prime number?
False
Is 17943 a composite number?
True
Is 56591 composite?
False
Is 23323 a prime number?
False
Is 21209 prime?
False
Is 5227 prime?
True
Is 87383 a prime number?
True
Is 128717 a composite number?
False
Is 7555 a composite number?
True
Is 13649 a prime number?
True
Is 1631 prime?
False
Is 4853 prime?
False
Is 10219 prime?
False
Is 20477 a prime number?
True
Is 79901 a prime number?
True
Is 28151 prime?
True
Is 53201 a composite number?
False
Is 47459 a prime number?
True
Is 73961 a composite number?
False
Is 1623 prime?
False
Is 100321 a prime number?
False
Is 213935 a composite number?
True
Is 69883 a prime number?
False
Is 24317 a prime number?
True
Is 30259 a prime number?
True
Is 45511 prime?
False
Is 8251 a composite number?
True
Is 78643 a composite number?
False
Is 27397 a prime number?
True
Is 37523 a prime number?
False
Is 262459 a composite number?
False
Is 1055 prime?
False
Is 362207 composite?
True
Is 861793 a composite number?
True
Is 1621 a composite number?
False
Is 19247 prime?
False
Is 113081 a composite number?
False
Is 4083 composite?
True
Is 15815 composite?
True
Is 394897 composite?
False
Is 75727 a composite number?
True
Is 26839 a prime number?
True
Is 138689 a prime number?
False
Is 7901 a composite number?
False
Is 19661 prime?
True
Is 714601 a composite number?
False
Is 208367 prime?
True
Is 232337 prime?
False
Is 385277 a prime number?
False
Is 6989 composite?
True
Is 9059 a prime number?
True
Is 77849 prime?
True
Is 787 a prime number?
True
Is 377539 a prime number?
False
Is 7313 a prime number?
False
Is 1979 a composite number?
False
Is 152121 a prime number?
False
Is 75507 prime?
False
Is 116329 prime?
True
Is 271885 a composite number?
True
Is 211 a prime number?
True
Is 4819 prime?
False
Is 12106 a prime number?
False
Is 179209 composite?
False
Is 66841 prime?
True
Is 2521 a composite number?
False
Is 19739 prime?
True
Is 35023 composite?
False
Is 7438 a prime number?
False
Is 10033 a prime number?
False
Is 245161 a composite number?
True
Is 26549 prime?
False
Is 9803 a prime number?
True
Is 8767 a composite number?
True
Is 27355 composite?
True
Is 1665961 a composite number?
True
Is 2158513 a prime number?
False
Is 11558 prime?
False
Is 26603 composite?
True
Is 10663 a prime number?
True
Is 56431 a composite number?
False
Is 253601 composite?
False
Is 16697 a prime number?
False
Is 16771 prime?
False
Is 211039 composite?
False
Is 33559 a prime number?
False
Is 10073 composite?
True
Is 194 composite?
True
Is 1094 prime?
False
Is 7564573 a composite number?
False
Is 97921 prime?
False
Is 10099 a composite number?
False
Is 122339 composite?
True
Is 265385 composite?
True
Is 107243 a co